850 and 10.
10
What is the highest common factor of 14663 and 5456?
341
What is the highest common factor of 200 and 6082200?
200
What is the greatest common divisor of 57 and 2891059?
19
Calculate the greatest common divisor of 114 and 207024.
114
What is the greatest common divisor of 206590 and 6570?
730
What is the highest common divisor of 158 and 284?
2
What is the greatest common factor of 32 and 1589216?
32
Calculate the greatest common factor of 2241420 and 24.
12
Calculate the greatest common divisor of 14848 and 64496.
464
Calculate the highest common factor of 2795128 and 497.
497
Calculate the highest common divisor of 6 and 509646.
6
What is the greatest common divisor of 75 and 240225?
75
What is the highest common divisor of 5676 and 22902?
66
Calculate the greatest common divisor of 137696 and 416.
416
Calculate the highest common divisor of 1688832 and 9.
9
What is the greatest common divisor of 1327358 and 1106?
158
Calculate the highest common factor of 4047 and 1653.
57
Calculate the greatest common divisor of 118185 and 75.
15
Calculate the greatest common factor of 90 and 620010.
90
Calculate the highest common factor of 14 and 61216.
2
What is the highest common divisor of 21 and 21756?
21
What is the highest common divisor of 38 and 336509?
19
Calculate the highest common factor of 64386 and 588.
294
Calculate the greatest common factor of 355 and 2661080.
355
Calculate the highest common divisor of 531 and 1131561.
531
Calculate the greatest common factor of 10 and 28350.
10
What is the greatest common factor of 87 and 4445265?
87
What is the highest common divisor of 133 and 619077?
19
Calculate the greatest common divisor of 110460 and 15260.
140
What is the highest common divisor of 2085 and 2145?
15
What is the greatest common factor of 4109 and 819?
7
What is the greatest common divisor of 1223154 and 54?
54
What is the greatest common divisor of 78658 and 8978?
134
Calculate the highest common factor of 98 and 7817264.
98
Calculate the greatest common divisor of 104620 and 620.
20
What is the highest common divisor of 52 and 704?
4
Calculate the highest common divisor of 5888 and 10880.
128
Calculate the greatest common divisor of 262 and 912022.
262
What is the highest common factor of 251944 and 440?
88
Calculate the highest common factor of 371 and 1183861.
371
Calculate the highest common divisor of 76986 and 1876.
14
What is the highest common factor of 520 and 1284270?
130
What is the highest common factor of 9512 and 328?
328
Calculate the greatest common divisor of 100262 and 6.
2
Calculate the highest common divisor of 10 and 141305.
5
Calculate the highest common factor of 36032 and 96.
32
Calculate the highest common factor of 450 and 3055950.
450
What is the greatest common divisor of 11 and 136158?
11
Calculate the highest common divisor of 154 and 96173.
77
What is the greatest common divisor of 1030 and 30010?
10
Calculate the greatest common factor of 32879 and 17787.
539
What is the greatest common divisor of 13076 and 1876?
28
What is the greatest common factor of 70 and 140770?
70
What is the highest common factor of 5 and 53885?
5
What is the highest common divisor of 38383 and 1465?
293
What is the greatest common divisor of 2736 and 1197?
171
What is the greatest common factor of 11220 and 540?
60
Calculate the greatest common factor of 2404 and 1356457.
601
What is the greatest common factor of 1178 and 8?
2
Calculate the highest common factor of 10658 and 730.
146
What is the greatest common factor of 3564 and 60786?
198
What is the greatest common divisor of 10236 and 24?
12
What is the greatest common divisor of 2171 and 26?
13
What is the greatest common divisor of 104 and 109005?
13
What is the highest common factor of 793 and 391681?
61
What is the greatest common divisor of 201 and 65861?
67
Calculate the greatest common divisor of 12571 and 52.
13
What is the greatest common divisor of 572 and 1812668?
572
What is the highest common factor of 12741 and 8220?
411
What is the greatest common divisor of 75 and 88000?
25
What is the greatest common factor of 285 and 11286?
57
Calculate the greatest common divisor of 182 and 7020.
26
Calculate the highest common divisor of 481 and 14235.
13
What is the greatest common divisor of 138 and 7820322?
138
Calculate the highest common divisor of 547955 and 145.
145
Calculate the greatest common divisor of 84084 and 62426.
1274
Calculate the greatest common factor of 1140 and 2365.
5
Calculate the highest common divisor of 72 and 19272.
24
Calculate the greatest common divisor of 4163 and 23.
23
Calculate the greatest common divisor of 71 and 10893317.
71
What is the greatest common factor of 12 and 138854?
2
Calculate the highest common divisor of 126 and 167776.
14
Calculate the greatest common factor of 1 and 1897729.
1
What is the greatest common divisor of 870 and 3828?
174
Calculate the greatest common factor of 888273 and 2364.
591
Calculate the greatest common divisor of 27 and 312633.
27
Calculate the highest common factor of 130 and 92014.
26
What is the highest common factor of 401 and 1040996?
401
Calculate the highest common divisor of 8584 and 3016.
232
Calculate the greatest common factor of 251 and 20833.
251
Calculate the greatest common factor of 9731140 and 17.
17
What is the highest common divisor of 16854 and 4?
2
What is the highest common divisor of 2416 and 389278?
302
What is the highest common divisor of 6130 and 1946888?
1226
Calculate the greatest common factor of 50374 and 7924.
566
Calculate the highest common divisor of 115239 and 1605.
321
What is the highest common factor of 362447 and 43?
43
Calculate the greatest common factor of 240 and 48935.
5
Calculate the greatest common factor of 250095 and 75.
15
Calculate the highest common divisor of 679532 and 14.
14
Calculate the highest common factor of 626 and 12481188.
626
Calculate the highest common divisor of 26 and 1934192.
26
What is the greatest common factor of 77 and 237622?
77
What is the greatest common factor of 265 and 9535?
5
What is the greatest common factor of 516 and 18?
6
Calculate the highest common divisor of 55 and 202185.
5
Calculate the highest common factor of 224 and 222.
2
What is the greatest common divisor of 35 and 2597?
7
Calculate the greatest common factor of 1150 and 64492.
46
What is the highest common factor of 26680 and 3634?
46
Calculate the greatest common factor of 135 and 6015.
15
What is the greatest common factor of 792 and 12232?
88
What is the highest common factor of 1881 and 5148?
99
Calculate the highest common factor of 2775 and 36889.
37
Calculate the greatest common divisor of 56 and 25039.
7
What is the greatest common divisor of 8366 and 80558?
94
What is the highest common divisor of 1491138 and 459?
153
What is the greatest common factor of 1104 and 4656?
48
What is the highest common factor of 63 and 53?
1
Calculate the greatest common divisor of 26596 and 9156.
436
Calculate the highest common divisor of 36 and 40780.
4
What is the greatest common divisor of 930 and 684015?
465
What is the greatest common divisor of 2804195 and 41?
41
Calculate the highest common factor of 6163093 and 107.
107
Calculate the greatest common factor of 33286 and 10098.
374
What is the greatest common divisor of 160976 and 16?
16
Calculate the greatest common factor of 72528 and 8.
8
What is the highest common divisor of 234 and 657618?
78
What is the greatest common factor of 237 and 20698?
79
Calculate the highest common factor of 1315459 and 167.
167
What is the greatest common divisor of 3354 and 897?
39
What is the greatest common factor of 11250 and 36?
18
What is the highest common factor of 421 and 331748?
421
Calculate the greatest common divisor of 42 and 2269176.
42
What is the highest common factor of 38784 and 108?
12
Calculate the greatest common factor of 3416617 and 111.
37
Calculate the greatest common factor of 13566 and 4386.
102
What is the greatest common factor of 293923 and 77?
7
Calculate the greatest common divisor of 20002 and 8768.
274
Calculate the highest common divisor of 908890 and 485.
485
Calculate the highest common factor of 191 and 24257.
191
What is the highest common factor of 49755 and